13. What is the hundreds digit of p?
4
Let g(n) = 144*n - 140. What is the thousands digit of g(8)?
1
Suppose -l = -n + 2*n + 2, -4*n = -2*l + 8. Suppose -2*r - 5*t + 209 = l, -2*t + 5*t - 9 = 0. What is the tens digit of r?
9
Suppose 4*u - 65 = -u. Suppose 0 = -4*p + 4*w, 2 = w - 2. Suppose -u - 3 = -p*v. What is the units digit of v?
4
What is the units digit of 1 + -3 - 1 - -451?
8
Suppose -455 = -7*w + 2*w. Suppose -5*y + 7 = -s, 4*s + 0*y + y + w = 0. What is the units digit of (-444)/s + (-4)/22?
0
Let l be (-3 + 8)*3/5. Suppose 0 = -5*h + 5*n + 95, h - l*h + n + 34 = 0. What is the units digit of (-6)/(-10) - (-6)/h?
1
Suppose 1235 + 553 = 4*j. What is the units digit of j?
7
Suppose -12 = t - 5*t. Suppose 10 = -5*y, t*f - 7 = -2*y - 2. What is the tens digit of 2*f/3 + 9?
1
Suppose 24*q - 3260 = 15172. What is the units digit of q?
8
Let s = 435 + -128. What is the units digit of s/5 - (-26)/(-65)?
1
Suppose -593*a - 5325 = -598*a. What is the hundreds digit of a?
0
Let q(b) = -277*b + 913. What is the units digit of q(-12)?
7
Let x(i) = -6*i + 12 - 22 + 16. Let b be 2/11 - (-204)/(-33). What is the units digit of x(b)?
2
Let x(t) = -24*t - 2. Let o(m) = -2*m**2 + 6*m - 2. Let s be o(4). Let c be (8 + s)/(1*2). What is the tens digit of x(c)?
2
Let m(q) = 6*q**2 + 10*q + 8. Let c(f) = -7*f**2 - 9*f - 7. Let y(l) = -4*c(l) - 3*m(l). Let t be y(-4). Suppose -a + 6*a - t = 0. What is the tens digit of a?
2
Let o(k) = -7*k. Let u be o(-4). Suppose 48 = -3*v - 3*h, -3*v + 2*h = h + u. Let l = 32 + v. What is the tens digit of l?
2
Suppose 5*f = 3*g + 50, 0*g - 4*g = 4*f + 120. Let m = g - -11. What is the units digit of m/7 + (-4)/(-1)?
2
What is the hundreds digit of (39 - 60)*((-68)/(-3))/(-4)?
1
Suppose 5*h - b - 375 = 0, 6*b = 3*h + b - 225. Suppose 0 = 3*a - y - 55, 5*a - h - 13 = -2*y. What is the units digit of a?
8
Suppose -4*p + 16 = r, 5*r - p = -2*p + 4. Suppose 5*i - i - 480 = r. What is the hundreds digit of i?
1
Suppose -3*v + 1 = 5*s, 2*s + 5*v + 19 = 4*s. Let b be 3*3/((-18)/(-20)). Suppose 54 = 4*o - s*g - b, -5*g = 3*o - 61. What is the units digit of o?
7
Let r(y) = y**3 + y**2 + 2*y. Let x be r(0). Let i(z) = z - 5. Let a be i(6). Suppose w - a + 5 = 0, 2*q - 2*w - 74 = x. What is the units digit of q?
3
Let v be 15/1*3/1. Suppose -62 = -5*w - 3*a, -4*w + 5 = 2*a - v. What is the tens digit of w?
1
Suppose 2 = 2*i - t - 0, 35 = 5*i + 5*t. Suppose 5*u + 32 = 2*w, w + i*u - 10 = 4*u. What is the units digit of (w + -4)*9/2?
9
Let s = -44 + 563. What is the tens digit of s?
1
Let o = 615 - 366. What is the tens digit of o?
4
Let b(q) = 3*q**2 + 6*q + 3. Let i be b(-3). Suppose -f = -2*o + 3*o - 45, 0 = -4*f + i. Suppose w = -9 + o. What is the units digit of w?
3
Suppose -5*o - 4*l + 660 = 0, 27*l = -5*o + 29*l + 660. What is the units digit of o?
2
Suppose 0 = 5*y - 9 + 19. Let d(b) = 23*b**2 + 5*b + 6. What is the units digit of d(y)?
8
Let y(g) = -24*g. Let u be y(1). Let v be 3248/70 - 4/10. Let c = u + v. What is the units digit of c?
2
Suppose 2*q = -4 - 62. Let c = 55 + q. What is the units digit of (-15)/5 - c/(-2)?
8
Suppose 0 = 4*r - 4*a - 4480, 2*r - 3*a = -8*a + 2254. What is the units digit of r?
2
Suppose -s - 2*a - a = -1126, -5*a = -4*s + 4555. What is the tens digit of s?
3
Let v = -33 - -37. Suppose 0 = -o + j + 60, -v*o + 110 = 3*j - 102. What is the units digit of o?
6
Let a = 330 - 138. What is the hundreds digit of a?
1
Let j(c) = 2*c - 8*c + 0*c + 11. What is the units digit of j(-20)?
1
Suppose 4*b = 267 - 63. Suppose -5*c = -2*c - b. Suppose 5*y = 117 - c. What is the tens digit of y?
2
What is the tens digit of -2*1 - ((-635 - 10) + 0)?
4
Let x = -13 - -5. Let m be (-3)/(-6) - (-50)/4. Let p = x + m. What is the units digit of p?
5
Let z(u) = -u + 2. Let k be z(-4). Suppose -3*t - k = -0*f - f, f + 3*t - 12 = 0. Let o = f + 2. What is the units digit of o?
1
Suppose 0 = -4*q - q - 5, -2*q = -5*p + 62. Suppose -p = o + o. Let y(g) = -2*g + 9. What is the tens digit of y(o)?
2
Let w be (-6 + 5)*(-752 + 0 + -1). Let t = w + -531. What is the units digit of t?
2
Let u(p) = -p**3 + 26*p**2 - 12*p - 92. What is the units digit of u(22)?
0
Let p = -78 + 196. Let x = p + 112. What is the tens digit of x?
3
Let c(w) = 2*w**2 - 9*w. Let k(o) = -7*o - 4. Let g be k(2). Let y be (-6)/(-4) + g/(-4). What is the units digit of c(y)?
8
Suppose w = 5*s + 6*w - 8585, 0 = -4*w + 4. What is the hundreds digit of s?
7
Let x = 3 - 1. Suppose -p = -x*p + 4. Suppose -96 = -4*f - k, -p*k + 26 = 3*f - 33. What is the tens digit of f?
2
Let f(i) = -i**3 - 6*i**2 + 2*i - 6. Let g = 34 + -41. What is the units digit of f(g)?
9
Let l be (-7)/(-14)*0/(-1). What is the tens digit of 39 + 1 + l + -2?
3
Suppose -2*g - 2*v = 4, v - 8 = g - 0*g. Let i(b) = 5*b + b**3 - 3 + 5*b**2 + 0*b - 6*b. What is the units digit of i(g)?
2
Suppose 2*c - 3*c = -3. Suppose -3*d + 3 = d + c*q, -2*d - 3*q = -3. Suppose 0 = -t - 5*i + 62, d*t - t - 3*i + 58 = 0. What is the tens digit of t?
5
Let v(m) = 3*m**2 + 11*m + 97. What is the units digit of v(-13)?
1
Suppose 2*t + 3*w - 125 - 844 = 0, 4*t - 1953 = -w. What is the units digit of t?
9
Suppose -2*t = -1 + 7. Let o be -2*(-4 - t)/2. What is the units digit of o*(1 + 2 + 28)?
1
Let n be -3 + (-1)/(-5) + (-24)/(-5). What is the tens digit of (-2598)/(-10) + 8/80*n?
6
Let x(l) = 11*l**3 + 15*l - 67. What is the units digit of x(4)?
7
Let f be 5 + (-3)/((-12)/8). Let k(p) = p**2 + 5*p - 8. What is the tens digit of k(f)?
7
Suppose -6*r = -r - 10, -5*p + 4*r + 3857 = 0. What is the tens digit of p?
7
Let s(u) = -u + 30. Let l(i) = -2*i**3 - 3*i - 3. Let g be l(-2). What is the tens digit of s(g)?
1
Let r(b) = b**3 + 6*b**2 - 17*b - 4. Let l be r(-8). Suppose -4*f = l*d - 192, -2*f + 49 = d + 3. What is the units digit of d?
0
Let x = -57 - 29. Let q = -5 - x. Suppose -5*i = 15, -2*m + i = -5*m + q. What is the tens digit of m?
2
Let o be (0 - -1)/(9574/4788 - 2). What is the hundreds digit of (7/3)/((-42)/o)?
1
Let d be (-828)/(-16) + 3/12. Suppose -4*i - c + 106 = -6*c, 2*i - d = 2*c. Suppose i - 6 = t. What is the tens digit of t?
1
Suppose 0 = 6*s - 17 - 727. What is the hundreds digit of s?
1
Let t = 891 - 514. What is the hundreds digit of t?
3
Let b(r) = -r**3 - 12*r**2 - 1. Let w be b(-12). Let d be 6 - 9 - 5*w. Suppose d*c + 26 = z, -2*c + 8 - 2 = z. What is the units digit of z?
6
Let h be ((-15)/45)/(1/(-156)). What is the units digit of (h - 3 - -4)*1?
3
Let c(g) = -2*g**3 + 4*g**2 + 13*g + 6. What is the tens digit of c(-5)?
9
Let l(n) = -4*n - 6. Let r be l(-7). Suppose -5*b + 425 = -5*x, 3*x + 5*b + 245 = r. Let z = x - -113. What is the units digit of z?
2
Suppose 0 = -3*b + 12, -113 = -4*y - 2*b - 41. Suppose 0 = -11*z + 7*z + y. Suppose r - 37 = -5*o, 4*o - z = 16. What is the units digit of r?
2
Let v(c) = 20*c + 38. Let a(y) = 7*y + 13. Let l(s) = 8*a(s) - 3*v(s). Suppose -d = -2*d - 6. What is the tens digit of l(d)?
1
Let i be -3 - (-15)/5*(-22)/(-6). Let p = 9 + i. What is the tens digit of p?
1
Suppose -5*b - 3*h = -b + 20, -2*b - 10 = -5*h. Let x = 6 + b. Let y(t) = 38*t + 1. What is the tens digit of y(x)?
3
Suppose 288 + 24 = -2*v. Let g = v - -220. What is the tens digit of g?
6
Suppose -o + m = o - 3887, -2*m = -o + 1951. What is the thousands digit of o?
1
Let g(t) = -t**3 - 8*t**2 + 3. Let p be g(-8). Let y = p + -5. What is the units digit of (-5)/(2/(4/y))?
5
Suppose 0 = 7*j - 2*j. Suppose w - 4*k = 15, 2*w + 3*k - k = j. Suppose -3*v + 4*d = -12, -2*v + 7 - w = -4*d. What is the units digit of v?
8
Suppose -5*n = 25, -4*d = 3*n - 63 - 134. What is the tens digit of d?
5
What is the hundreds digit of 1 + 962 + 0*7/35?
9
Let c be 2 + (-35)/5 - -56. Suppose -2*a + 3*d + 438 = c, 4*d = -4*a + 824. What is the hundreds digit of a?
2
Let t(u) = -4*u. Let w be t(1). Let s(q) = -36 - 33 - 36 + 107 - q. What is the units digit of s(w)?
6
Suppose -5*h - 4*u = -57 - 276, u = 4*h - 279. Suppose 3*t - 2*t - h = 0. Suppose -t + 279 = 6*a. What is the units digit of a?
5
Let x(r) be the first derivative of -3*r**2 - r - 3. Let f be x(-4). Suppose 5*m - 77 = f. What is the units digit of m?
0
Let j = 1767 - -265. What is the units digit of j?
2
Suppose 63*b - 59*b = -4*m + 5768,